5, 1433
Suppose 6*h - 32 + 2 = 0. Suppose -3*y = -15, 4*p + 4*y - 2607 = h*y. What are the prime factors of p?
653
Let d = -2124 + 759. Let k = d + 2257. What are the prime factors of k?
2, 223
Let f(b) = -66*b. Let k be f(-9). Suppose 6 = -5*o - 4, -3*o = -4*z - k. List the prime factors of 4 - z/(-35) - 1040/(-14).
2, 37
Let o(s) = -27*s**3 + 3*s**2 - 3*s - 3. Let m be o(-3). Suppose 2*k - m + 110 = 0. Suppose -2*j = 3*z + 97 - k, j - 2 = 0. List the prime factors of z.
3, 5
Let w(a) = 59*a**2 - 6*a. Let g be w(-6). Let n = 3188 - g. List the prime factors of n.
2, 257
Let d be 24/(-3 - 5)*-1. What are the prime factors of 729 + -3 + 1 + d?
2, 5, 73
Let l = -515 - -867. Suppose -15*d + l = -11*d. Let h = -8 + d. List the prime factors of h.
2, 5
Suppose 240 = 6*p - 492. Let n = p - -361. What are the prime factors of n?
3, 7, 23
Suppose -23 = -4*p + 3*f, 0*p - p = 5*f + 23. Suppose p*g - 40 - 56 = 0. Let u = -30 + g. List the prime factors of u.
2, 3
Let c be 4/(-22) + 2 + (-158)/(-22). Let u be c/18 + 1582/4. Suppose -2*f - 4*f = -u. List the prime factors of f.
2, 3, 11
Let b(f) = 627*f - 37. Let r be b(15). Suppose 2998 = -5*j + r. Suppose 0 = 47*n - 40*n - j. List the prime factors of n.
2, 7, 13
Suppose 5*u - 255824 = -g, 2*g = 5*u - 310911 + 55084. List the prime factors of u.
3, 5, 379
Let y(b) = -25*b**2 + 3*b + 21. Let d(u) = -52*u**2 + 7*u + 44. Let c(h) = 4*d(h) - 9*y(h). List the prime factors of c(-5).
11, 37
Let w be ((-11)/(-2) + -5)*10. Suppose -3*t - 562 = -p, 27*p - 22*p = w*t + 2830. List the prime factors of p.
2, 71
Let w(a) = 2*a + 12. Let i be w(-6). Suppose 176 = t - 3*p, 2*p + 8 - 4 = i. Suppose -x - x + t = 0. List the prime factors of x.
5, 17
Suppose 0 = 3*r, 0 = -5*x + 3*r + 77838 - 29398. What are the prime factors of x?
2, 7, 173
Let z(x) = -x + 3. Let w be z(6). Let j(l) = 10*l**2 + 5*l + 2. Let b be j(w). Suppose o - b = -0*o. What are the prime factors of o?
7, 11
Suppose 5*s + 67050 = 6640. What are the prime factors of s/(-12) + ((-152)/(-48) - 3)?
19, 53
Let d = 324 + 437. What are the prime factors of 3/(-2)*(d/(-3) + -9)?
2, 197
Suppose 4*p - 7*j - 82042 = -12*j, 3*j - 61527 = -3*p. What are the prime factors of p?
7, 29, 101
Suppose 5*w = -3*x + 22420, 3*w + 29932 = -x + 5*x. What are the prime factors of x?
2, 5, 11, 17
List the prime factors of ((-4)/6)/((-1653041)/236145 - -7).
5, 7, 173
Suppose -6*k + 82 = -50. Suppose 5*h - 5*a - k = -92, -5*h + a = 74. List the prime factors of (h/(-25))/(3/345).
3, 23
Let q = -9168 - -16922. What are the prime factors of q?
2, 3877
Suppose 7*o - 254 = 1265. Let b = o - -492. What are the prime factors of b?
709
Let v(x) = 96*x**2 - 92*x - 147. List the prime factors of v(18).
3, 9767
Let v(s) be the first derivative of 193*s**2/2 + 16*s + 152. List the prime factors of v(2).
2, 3, 67
Let w(y) = -y**3 - 2*y**2 + y - 5. Let g be w(0). List the prime factors of (4 - (g - 1)) + -5 - -26.
31
Suppose 669 + 329 = y + 2*m, 0 = -3*y - 5*m + 2994. List the prime factors of y/(-6)*(24/(-2) + 9).
499
Suppose 2*f = 5*c - 111626, -7*f + 111594 = 5*c - 5*f. List the prime factors of c.
2, 11161
Let b = -180 + 222. Suppose 3*s = -2*s + 5*y, -16 = -4*y. Suppose 2*o = -4*m - 3*o + 22, -5*o - b = -s*m. List the prime factors of m.
2
Let o(u) = 1108*u**2 + 209*u + 2089. What are the prime factors of o(-9)?
2, 43, 523
Let m(k) = 820*k + 7984. List the prime factors of m(19).
2, 43, 137
Let s = -491 - -4080. List the prime factors of s.
37, 97
Suppose -2*f - z + 36615 = 0, -3*f + 49043 + 5877 = z. List the prime factors of f.
5, 7, 523
Let j(d) = -4*d - 11. Let a be j(-4). Let g be (-143)/(-39) + 16/(-6) + 2. Suppose 70 = 3*p + a*s, -s + 76 = g*p - 2*s. What are the prime factors of p?
5
Let f = -122 + 165. List the prime factors of (-6)/((-6 + 5)/f).
2, 3, 43
Suppose 0 = -3*p - 5*o + 3, 5*p = o - 23. List the prime factors of (878/p)/(5/(-30)).
3, 439
Let b(u) = 4*u**3 + 2*u**2 + 2*u + 1. Let l be b(4). Suppose 3*k = 2*c - 92 + l, -4*c - 65 = -k. What are the prime factors of k?
3, 23
Suppose 70*p = 72*p - 32. Suppose 0 = -p*o + 8735 + 2497. List the prime factors of o.
2, 3, 13
Suppose 1245 - 1257 = 2*p. List the prime factors of (p/(-5))/(3 + (-3327)/1110).
2, 3, 37
Suppose -3*l + 18 = y + y, 4*y - 18 = -3*l. Let a(x) = 40*x - 2. Let j(m) = 38*m - 1. Let p(b) = -6*a(b) + 7*j(b). What are the prime factors of p(l)?
7, 23
Let d = 79 - 77. Suppose 0 = 8*y - 9*y + d. Suppose -y*h + 43 = -201. What are the prime factors of h?
2, 61
Let a = 47595 - 33531. What are the prime factors of a?
2, 3, 293
Let k(n) = 4*n**3 + 13*n**2 + 67*n - 1332. List the prime factors of k(16).
2, 3, 1621
Suppose 2*y - 24 = -0*n - n, y - 26 = -4*n. What are the prime factors of 60/y - (0 + -440)?
2, 223
List the prime factors of (13662 - (-1 - 1)) + (-83 - -78).
3, 29, 157
Let x = 3496 - 238. List the prime factors of x.
2, 3, 181
Let t(k) = 1286*k + 5779. List the prime factors of t(18).
28927
Let x = -197 + 190. Let o = -1 - 0. List the prime factors of (x/(-7))/(o/(-38)).
2, 19
Let r be (-62)/((-4)/28 - 33/(-329)). Let p = -873 + r. List the prime factors of p.
2, 73
Let a(f) = -f**3 + 6*f**2 - 6*f + 4441. What are the prime factors of a(0)?
4441
What are the prime factors of 1509/2*(-7958)/1903*(-11)/3?
23, 503
Let a(z) = z**3 - 8*z**2 + z + 4. Let x be a(8). Suppose 0 = -0*t - 4*t + x. Suppose -p = -l - 46, 2*l + 45 + 95 = t*p. List the prime factors of p.
2, 3
Let q = 2418 + -1347. Suppose -3*u - q = -4*l, 0 = -l - 4*u + 3*u + 259. List the prime factors of l.
2, 3, 11
What are the prime factors of 455/39 - (-2)/(-3) - -17482?
3, 7, 17
Let r(o) = o**3 - o - 2. Suppose 15*a - 18 = 87. Let q be r(a). Suppose 0 = -4*x + 4*p + 664, -2*x + 5*p = p - q. List the prime factors of x.
3, 5, 11
Let p be (10 - -1) + (-576)/72. Suppose 2*l = 2*u + 6*l - 452, -p*u - 3*l + 693 = 0. What are the prime factors of u?
2, 59
Let z be (3 - 0)*(5 + (-6792)/(-18)). Suppose -5*s = -p + 853, 2*p - 2918 + z = -3*s. What are the prime factors of p?
2, 439
Let t(n) be the first derivative of -n**3/3 - 6*n**2 + 2*n - 1. Let v be t(-12). Suppose 31 = -v*y + 219. List the prime factors of y.
2, 47
What are the prime factors of (-11690)/(-11) + 24/88?
1063
Let p be 39/65 + 697/5. Suppose -4*n = p - 1540. List the prime factors of n.
2, 5, 7
Suppose 0 = 2*r + 4*r + 126. Let f = r + 26. Suppose -9 = -2*o - o, 0 = 3*i + f*o - 675. What are the prime factors of i?
2, 5, 11
Let v = -6 + 8. Suppose -3*i + 3*z = -6, -v*i + 0*z + 4 = z. Suppose 2*q - 124 = -i*j, 3*j = 5*q - 287 - 55. List the prime factors of q.
2, 3, 11
Let f(z) = -14*z + 13 + 2*z**2 - 5 - 18. What are the prime factors of f(18)?
2, 193
Suppose -13 + 5 = -b. Let q(v) = 4*v**3 - v**2 - 25*v - 23. List the prime factors of q(b).
3, 587
Let f = -6925 - -10509. Suppose f = 38*o - 24*o. List the prime factors of o.
2
Suppose -24 = -3*z - 9. Suppose 0*t = 3*t - 6, z*t - 370 = -4*q. List the prime factors of q.
2, 3, 5
Let q(r) = 4*r - 3*r + 3*r + 44 - 10*r. Let v be q(8). List the prime factors of (3/2)/(v*(-15)/4720).
2, 59
Let q = 6172 + -2158. What are the prime factors of q?
2, 3, 223
Suppose 5*v - 49 = 5*n + 21, -2*n - 2*v - 28 = 0. Let p be 238/n*(0 + -1). Suppose -p*m = -3878 + 427. What are the prime factors of m?
7, 29
Let c = 48 + -46. Suppose 0 = p - c*p + 3, 5*x - 2014 = 2*p. What are the prime factors of x?
2, 101
Let c(b) = -51*b + 26. Let j(l) = 52*l - 26. Let m(g) = 5*c(g) + 6*j(g). What are the prime factors of m(6)?
2, 79
Suppose 0 = 3*s + v - 0 + 9, 5*s - 2*v + 4 = 0. Let t be ((-2)/4)/(s/92). Suppose -227 = -5*h + t. List the prime factors of h.
2, 5
Let w(o) = -o**3 + 13*o**2 - 10*o + 17. Let n = -15 + 27. Let c = n + 0. What are the prime factors of w(c)?
41
Let w(c) = 139*c**2 + 146*c - 2066. List the prime factors of w(15).
17, 1847
Let t be (-14)/1*(-1413)/(-18). Let n = 1849 + t. List the prime factors of n.
2, 3, 5
Let s = 7274 + -692. List the prime factors of s.
2, 3, 1097
Let k(o) be the second derivative of 5*o**3/3 - 223*o**2/2 - 130*o. What are the prime factors of k(46)?
3, 79
Let r = -27707 - -47110. What are the prime factors of r?
19403
Suppose 75 = -b - 2*b. Suppose 49*h - 2200 = 93*h. Let u = b - h. What are the prime factors of u?
5
Su